{"id":16002,"date":"2025-01-05T16:43:02","date_gmt":"2025-01-05T16:43:02","guid":{"rendered":"https:\/\/new.daraodedo.com\/?post_type=product&#038;p=16002"},"modified":"2026-01-23T12:01:27","modified_gmt":"2026-01-23T12:01:27","slug":"hotnut-safe-reflet","status":"publish","type":"product","link":"https:\/\/daraodedo.com\/?product=hotnut-safe-reflet","title":{"rendered":"Hatnut Fio Refletor"},"content":{"rendered":"<p>Este fio da Hatnut\u00a0 \u00e9 um fio refletor,\u00a0 deve ser aplicado juntamente com outra l\u00e3 para dar o verdadeiro efeito. \u00c9 muito usado em gorros de crian\u00e7a e desportistas, fitas para o cabelo, etc.<\/p>\n","protected":false},"excerpt":{"rendered":"<p>Este fio da Hatnut\u00a0 \u00e9 um fio refletor,\u00a0 deve ser aplicado juntamente com outra l\u00e3 para dar o verdadeiro efeito. \u00c9 muito usado em gorros de crian\u00e7a e desportistas, fitas para o cabelo, etc.<\/p>\n","protected":false},"featured_media":17183,"comment_status":"closed","ping_status":"closed","template":"","meta":[],"product_brand":[],"product_cat":[463,590],"product_tag":[591,592,593],"class_list":{"0":"post-16002","1":"product","2":"type-product","3":"status-publish","4":"has-post-thumbnail","6":"product_cat-fios","7":"product_cat-hatnut","8":"product_tag-hatnut","9":"product_tag-refletor-hatnut-fio","10":"product_tag-tricot-refletor","12":"first","13":"instock","14":"shipping-taxable","15":"purchasable","16":"product-type-variable"},"_links":{"self":[{"href":"https:\/\/daraodedo.com\/index.php?rest_route=\/wp\/v2\/product\/16002","targetHints":{"allow":["GET"]}}],"collection":[{"href":"https:\/\/daraodedo.com\/index.php?rest_route=\/wp\/v2\/product"}],"about":[{"href":"https:\/\/daraodedo.com\/index.php?rest_route=\/wp\/v2\/types\/product"}],"replies":[{"embeddable":true,"href":"https:\/\/daraodedo.com\/index.php?rest_route=%2Fwp%2Fv2%2Fcomments&post=16002"}],"wp:featuredmedia":[{"embeddable":true,"href":"https:\/\/daraodedo.com\/index.php?rest_route=\/wp\/v2\/media\/17183"}],"wp:attachment":[{"href":"https:\/\/daraodedo.com\/index.php?rest_route=%2Fwp%2Fv2%2Fmedia&parent=16002"}],"wp:term":[{"taxonomy":"product_brand","embeddable":true,"href":"https:\/\/daraodedo.com\/index.php?rest_route=%2Fwp%2Fv2%2Fproduct_brand&post=16002"},{"taxonomy":"product_cat","embeddable":true,"href":"https:\/\/daraodedo.com\/index.php?rest_route=%2Fwp%2Fv2%2Fproduct_cat&post=16002"},{"taxonomy":"product_tag","embeddable":true,"href":"https:\/\/daraodedo.com\/index.php?rest_route=%2Fwp%2Fv2%2Fproduct_tag&post=16002"}],"curies":[{"name":"wp","href":"https:\/\/api.w.org\/{rel}","templated":true}]}}