{"id":16072,"date":"2025-01-05T16:44:20","date_gmt":"2025-01-05T16:44:20","guid":{"rendered":"https:\/\/new.daraodedo.com\/?post_type=product&#038;p=16072"},"modified":"2025-01-30T09:39:21","modified_gmt":"2025-01-30T09:39:21","slug":"bloqueadores-de-meias","status":"publish","type":"product","link":"https:\/\/daraodedo.com\/?product=bloqueadores-de-meias","title":{"rendered":"Bloqueadores de meias"},"content":{"rendered":"<p>Bloqueadores de meias servem para depois de feitas as meias e lavadas secar enfiadas nestas formas \u00e1 medida do tamanho do p\u00e9, dando assim uma forma adequada \u00e1 meia<\/p>\n","protected":false},"excerpt":{"rendered":"<p>Bloqueadores meias<\/p>\n","protected":false},"featured_media":16721,"comment_status":"closed","ping_status":"closed","template":"","meta":[],"product_brand":[],"product_cat":[480,547,525,515],"product_tag":[632,527,633],"class_list":{"0":"post-16072","1":"product","2":"type-product","3":"status-publish","4":"has-post-thumbnail","6":"product_cat-acessorios","7":"product_cat-knit-pro","8":"product_cat-meias-2","9":"product_cat-outros","10":"product_tag-bloqueadores-meias","11":"product_tag-meias","12":"product_tag-tricot-meias-bloqueadores","14":"first","15":"instock","16":"shipping-taxable","17":"purchasable","18":"product-type-variable"},"_links":{"self":[{"href":"https:\/\/daraodedo.com\/index.php?rest_route=\/wp\/v2\/product\/16072","targetHints":{"allow":["GET"]}}],"collection":[{"href":"https:\/\/daraodedo.com\/index.php?rest_route=\/wp\/v2\/product"}],"about":[{"href":"https:\/\/daraodedo.com\/index.php?rest_route=\/wp\/v2\/types\/product"}],"replies":[{"embeddable":true,"href":"https:\/\/daraodedo.com\/index.php?rest_route=%2Fwp%2Fv2%2Fcomments&post=16072"}],"wp:featuredmedia":[{"embeddable":true,"href":"https:\/\/daraodedo.com\/index.php?rest_route=\/wp\/v2\/media\/16721"}],"wp:attachment":[{"href":"https:\/\/daraodedo.com\/index.php?rest_route=%2Fwp%2Fv2%2Fmedia&parent=16072"}],"wp:term":[{"taxonomy":"product_brand","embeddable":true,"href":"https:\/\/daraodedo.com\/index.php?rest_route=%2Fwp%2Fv2%2Fproduct_brand&post=16072"},{"taxonomy":"product_cat","embeddable":true,"href":"https:\/\/daraodedo.com\/index.php?rest_route=%2Fwp%2Fv2%2Fproduct_cat&post=16072"},{"taxonomy":"product_tag","embeddable":true,"href":"https:\/\/daraodedo.com\/index.php?rest_route=%2Fwp%2Fv2%2Fproduct_tag&post=16072"}],"curies":[{"name":"wp","href":"https:\/\/api.w.org\/{rel}","templated":true}]}}