{"id":16219,"date":"2025-01-05T16:46:18","date_gmt":"2025-01-05T16:46:18","guid":{"rendered":"https:\/\/new.daraodedo.com\/?post_type=product&#038;p=16219"},"modified":"2025-01-30T12:08:55","modified_gmt":"2025-01-30T12:08:55","slug":"knit-pro-agulhas-symfonie-circulares-com-cabo-incorporado","status":"publish","type":"product","link":"https:\/\/daraodedo.com\/?product=knit-pro-agulhas-symfonie-circulares-com-cabo-incorporado","title":{"rendered":"Knit Pro-Agulhas  Symfonie circulares com cabo incorporado de 25 cm"},"content":{"rendered":"<hr \/>\n<p>&nbsp;<\/p>\n<p><span class=\"hps\">Agulhas\u00a0 circulares com pontas em madeira e cabo bastante male\u00e1vel em madeira, estas agulhas tem a vantagem de poder trabalhar em circulo fechado e em aberto, ou seja, funcionam como se fosse uma agulha direita, apenas tem que virar o trabalho e trabalhar do direito e do avesso.<\/span><\/p>\n<p><span class=\"hps\">Pontos<\/span>\u00a0<span class=\"hps\">perfeitos,<\/span>\u00a0<span class=\"hps\">perfeitamente<\/span>\u00a0<span class=\"hps\">c\u00f4nico<\/span>\u00a0<span class=\"hps\">\u2013 ideal para<\/span>\u00a0<span class=\"hps\">todos os<\/span>\u00a0<span class=\"hps\">fios e<\/span>\u00a0todos\u00a0<span class=\"hps\"> projetos,<\/span><\/p>\n<p><span class=\"hps\">Leve,<\/span>\u00a0<span class=\"hps\">forte<\/span>\u00a0<span class=\"hps\">e<\/span>\u00a0<span class=\"hps\">dur\u00e1vel e de f\u00e1cil transporte pr\u00f3prias para usar em viagem de avi\u00e3o, por ser de madeira e \u00f3timas para trabalhar em espa\u00e7os pequenos.<\/span><\/p>\n<p>Existem v\u00e1rias medidas e est\u00e3o de acordo com aquilo que pretendemos fazer.<\/p>\n<p><strong>As fotos do produto pode n\u00e3o ter a medida adequada apenas serve de exemplo<\/strong><\/p>\n","protected":false},"excerpt":{"rendered":"<p>; <strong>Diferentes comprimentos de cabo<\/strong><\/p>\n<div class=\"product-short-description\">\u2013\u00a0<b>Cabo 25 cm<\/b>: indicadas para meias ou pe\u00e7as de beb\u00e9 muito pequenas, estas s\u00f3 existem com o cabo incorporado.<\/div>\n<div class=\"product-short-description\">_<strong>Cabo 40 cm: <\/strong>\u00a0indicadas para fazer mangas, golas, gorros e outras pe\u00e7as tubulares de di\u00e2metros pequenos, mais adequado para as curtas.<\/div>\n<div class=\"product-short-description\">\u2013\u00a0<b>Cabo\u00a0 60 cm<\/b>: s\u00e3o indicadas para tric\u00f4 circular de camisolas de crian\u00e7a e de modelos de mulher de corte justo ao corpo.<\/div>\n<div class=\"product-short-description\">\u2013\u00a0<b>Cabo\u00a0 80 cm<\/b>: medida\u00a0<i>standard<\/i>\u00a0\u2013 indicadas para tricotar circularmente o corpo de camisolas de adulto, outras pe\u00e7as de di\u00e2metros grandes ou\u00a0 \u00a0 \u00a0 \u00a0 \u00a0 simplesmente para usar em substitui\u00e7\u00e3o das agulhas \u201cnormais\u201d.<\/div>\n<div class=\"product-short-description\">\u2013\u00a0<b>Cabo 120 cm<\/b>: permitem trabalhar comodamente pe\u00e7as grandes como casacos, xailes, etc.<\/div>\n<div class=\"product-short-description\">_\u00a0<strong>Cabo\u00a0 150 cm<\/strong>: xailes muito longos<\/div>\n<div><strong>AVISO IMPORTANTE<\/strong><\/div>\n<div>Estas medidas n\u00e3o s\u00e3o s\u00f3 do cabo, correspondem ao comprimento todo de uma ponta de uma agulha \u00e1 outra ponta da outra agulha, com o respetivo cabo mesmo que sejam intercambi\u00e1veis<\/div>\n<div><\/div>\n","protected":false},"featured_media":16688,"comment_status":"closed","ping_status":"closed","template":"","meta":[],"product_brand":[],"product_cat":[481,483,547,524,525,482],"product_tag":[596,595,691],"class_list":{"0":"post-16219","1":"product","2":"type-product","3":"status-publish","4":"has-post-thumbnail","6":"product_cat-agulhas","7":"product_cat-circulares","8":"product_cat-knit-pro","9":"product_cat-meias","10":"product_cat-meias-2","11":"product_cat-tricot","12":"product_tag-agulhas-knit-pro","13":"product_tag-knit-pro","14":"product_tag-knit-pro-circulares","16":"first","17":"instock","18":"shipping-taxable","19":"purchasable","20":"product-type-variable"},"_links":{"self":[{"href":"https:\/\/daraodedo.com\/index.php?rest_route=\/wp\/v2\/product\/16219","targetHints":{"allow":["GET"]}}],"collection":[{"href":"https:\/\/daraodedo.com\/index.php?rest_route=\/wp\/v2\/product"}],"about":[{"href":"https:\/\/daraodedo.com\/index.php?rest_route=\/wp\/v2\/types\/product"}],"replies":[{"embeddable":true,"href":"https:\/\/daraodedo.com\/index.php?rest_route=%2Fwp%2Fv2%2Fcomments&post=16219"}],"wp:featuredmedia":[{"embeddable":true,"href":"https:\/\/daraodedo.com\/index.php?rest_route=\/wp\/v2\/media\/16688"}],"wp:attachment":[{"href":"https:\/\/daraodedo.com\/index.php?rest_route=%2Fwp%2Fv2%2Fmedia&parent=16219"}],"wp:term":[{"taxonomy":"product_brand","embeddable":true,"href":"https:\/\/daraodedo.com\/index.php?rest_route=%2Fwp%2Fv2%2Fproduct_brand&post=16219"},{"taxonomy":"product_cat","embeddable":true,"href":"https:\/\/daraodedo.com\/index.php?rest_route=%2Fwp%2Fv2%2Fproduct_cat&post=16219"},{"taxonomy":"product_tag","embeddable":true,"href":"https:\/\/daraodedo.com\/index.php?rest_route=%2Fwp%2Fv2%2Fproduct_tag&post=16219"}],"curies":[{"name":"wp","href":"https:\/\/api.w.org\/{rel}","templated":true}]}}