{"id":16226,"date":"2025-01-05T16:46:19","date_gmt":"2025-01-05T16:46:19","guid":{"rendered":"https:\/\/new.daraodedo.com\/?post_type=product&#038;p=16226"},"modified":"2025-01-07T17:47:39","modified_gmt":"2025-01-07T17:47:39","slug":"miltons-baby","status":"publish","type":"product","link":"https:\/\/daraodedo.com\/?product=miltons-baby","title":{"rendered":"MILTONS Baby"},"content":{"rendered":"<p>Fio pr\u00f3prio para beb\u00e9 muito macio<\/p>\n","protected":false},"excerpt":{"rendered":"<p><strong>Composi\u00e7\u00e3o<\/strong>: 70% Acr\u00edlico 30% Poliamida<\/p>\n<p><strong> Peso\/Metragem<\/strong>: 50 g = cerca de 160 m<\/p>\n<p><strong>Agulhas recomendadas<\/strong>: 3-3,5mm tricot 3,3mm crochet<\/p>\n<p>Lavar \u00e0 m\u00e1quina \u00e0 temperatura m\u00e1xima de 40.\u00ba C- anti-al\u00e9rgico<\/p>\n","protected":false},"featured_media":16620,"comment_status":"closed","ping_status":"closed","template":"","meta":[],"product_brand":[],"product_cat":[559,692,478,463,605,471],"product_tag":[684,693,694,608,584],"class_list":{"0":"post-16226","1":"product","2":"type-product","3":"status-publish","4":"has-post-thumbnail","6":"product_cat-225-350mm","7":"product_cat-bebe","8":"product_cat-fibra","9":"product_cat-fios","10":"product_cat-miltons","11":"product_cat-outono-inverno","12":"product_tag-afinitas-bmg","13":"product_tag-fios-acrilicos","14":"product_tag-fios-de-bebe","15":"product_tag-fios-miltons","16":"product_tag-fios-tricot","18":"first","19":"instock","20":"shipping-taxable","21":"purchasable","22":"product-type-variable"},"_links":{"self":[{"href":"https:\/\/daraodedo.com\/index.php?rest_route=\/wp\/v2\/product\/16226","targetHints":{"allow":["GET"]}}],"collection":[{"href":"https:\/\/daraodedo.com\/index.php?rest_route=\/wp\/v2\/product"}],"about":[{"href":"https:\/\/daraodedo.com\/index.php?rest_route=\/wp\/v2\/types\/product"}],"replies":[{"embeddable":true,"href":"https:\/\/daraodedo.com\/index.php?rest_route=%2Fwp%2Fv2%2Fcomments&post=16226"}],"wp:featuredmedia":[{"embeddable":true,"href":"https:\/\/daraodedo.com\/index.php?rest_route=\/wp\/v2\/media\/16620"}],"wp:attachment":[{"href":"https:\/\/daraodedo.com\/index.php?rest_route=%2Fwp%2Fv2%2Fmedia&parent=16226"}],"wp:term":[{"taxonomy":"product_brand","embeddable":true,"href":"https:\/\/daraodedo.com\/index.php?rest_route=%2Fwp%2Fv2%2Fproduct_brand&post=16226"},{"taxonomy":"product_cat","embeddable":true,"href":"https:\/\/daraodedo.com\/index.php?rest_route=%2Fwp%2Fv2%2Fproduct_cat&post=16226"},{"taxonomy":"product_tag","embeddable":true,"href":"https:\/\/daraodedo.com\/index.php?rest_route=%2Fwp%2Fv2%2Fproduct_tag&post=16226"}],"curies":[{"name":"wp","href":"https:\/\/api.w.org\/{rel}","templated":true}]}}