{"id":16320,"date":"2025-01-05T16:47:27","date_gmt":"2025-01-05T16:47:27","guid":{"rendered":"https:\/\/new.daraodedo.com\/?post_type=product&#038;p=16320"},"modified":"2026-03-12T10:20:32","modified_gmt":"2026-03-12T10:20:32","slug":"pro-lana-baby-milk","status":"publish","type":"product","link":"https:\/\/daraodedo.com\/?product=pro-lana-baby-milk","title":{"rendered":"Pro Lana Baby Milk"},"content":{"rendered":"<p>Fio pr\u00f3prio para beb\u00e9.\u00a0 Muito macio\u00a0 e fofo<\/p>\n","protected":false},"excerpt":{"rendered":"<p><strong>Composi\u00e7\u00e3o:<\/strong> 70% l\u00e3 30% Acr\u00edlico<\/p>\n<p><strong>Peso\/Metragem:<\/strong> 25 g = cerca de 100 m<\/p>\n<p><strong>Agulhas recomendadas:<\/strong> 3,0 \/3,5 mm<\/p>\n<p><strong>Tens\u00e3o da amostra:<\/strong> 10 x 10 cm =30 pontos x 38 carreiras<\/p>\n<p>Lavar em programa l\u00e3 \u00e0 temperatura m\u00e1xima de 30\u00b0C\/ N\u00e3o usar amaciador \/Secar na horizontal<\/p>\n","protected":false},"featured_media":10948,"comment_status":"closed","ping_status":"closed","template":"","meta":[],"product_brand":[],"product_cat":[559,692,732,464,463,468,471,586,658,466],"product_tag":[733,734,735,731],"class_list":{"0":"post-16320","1":"product","2":"type-product","3":"status-publish","4":"has-post-thumbnail","6":"product_cat-225-350mm","7":"product_cat-bebe","8":"product_cat-bebe-2","9":"product_cat-espessura-de-fio","10":"product_cat-fios","11":"product_cat-marcas","12":"product_cat-outono-inverno","13":"product_cat-pro-lana","14":"product_cat-punch-needle","15":"product_cat-tipos-de-fio","16":"product_tag-fios-de-fibra-de-leite","17":"product_tag-fios-de-trico","18":"product_tag-fios-para-bebe","19":"product_tag-fios-pro-lana","21":"first","22":"instock","23":"shipping-taxable","24":"purchasable","25":"product-type-variable"},"_links":{"self":[{"href":"https:\/\/daraodedo.com\/index.php?rest_route=\/wp\/v2\/product\/16320","targetHints":{"allow":["GET"]}}],"collection":[{"href":"https:\/\/daraodedo.com\/index.php?rest_route=\/wp\/v2\/product"}],"about":[{"href":"https:\/\/daraodedo.com\/index.php?rest_route=\/wp\/v2\/types\/product"}],"replies":[{"embeddable":true,"href":"https:\/\/daraodedo.com\/index.php?rest_route=%2Fwp%2Fv2%2Fcomments&post=16320"}],"wp:featuredmedia":[{"embeddable":true,"href":"https:\/\/daraodedo.com\/index.php?rest_route=\/wp\/v2\/media\/10948"}],"wp:attachment":[{"href":"https:\/\/daraodedo.com\/index.php?rest_route=%2Fwp%2Fv2%2Fmedia&parent=16320"}],"wp:term":[{"taxonomy":"product_brand","embeddable":true,"href":"https:\/\/daraodedo.com\/index.php?rest_route=%2Fwp%2Fv2%2Fproduct_brand&post=16320"},{"taxonomy":"product_cat","embeddable":true,"href":"https:\/\/daraodedo.com\/index.php?rest_route=%2Fwp%2Fv2%2Fproduct_cat&post=16320"},{"taxonomy":"product_tag","embeddable":true,"href":"https:\/\/daraodedo.com\/index.php?rest_route=%2Fwp%2Fv2%2Fproduct_tag&post=16320"}],"curies":[{"name":"wp","href":"https:\/\/api.w.org\/{rel}","templated":true}]}}