{"id":16343,"date":"2025-01-05T16:47:54","date_gmt":"2025-01-05T16:47:54","guid":{"rendered":"https:\/\/new.daraodedo.com\/?post_type=product&#038;p=16343"},"modified":"2025-01-06T23:27:08","modified_gmt":"2025-01-06T23:27:08","slug":"la-tradicional","status":"publish","type":"product","link":"https:\/\/daraodedo.com\/?product=la-tradicional","title":{"rendered":"Pro Lana &#8211; L\u00e3 tradicional"},"content":{"rendered":"<p>Fio de l\u00e3 muito macia \u00f3ptima para camisol\u00f5es e casacos e meias grossas\u00a0 bem quentinhas. Muito f\u00e1cil de trabalhar. Lav\u00e1vel \u00e1 maquina em programa de l\u00e3s.<\/p>\n","protected":false},"excerpt":{"rendered":"<p><strong>Composi\u00e7\u00e3o:<\/strong> 80% l\u00e3 20% Poliamida<\/p>\n<p><strong>Peso\/Metragem:<\/strong> 100 g = cerca de 200 m<\/p>\n<p><strong>Agulhas recomendadas:\u00a0 <\/strong>4,00 \/5,0 mm<\/p>\n<p><strong>Tens\u00e3o da amostra:<\/strong> 10 x 10 cm = 18 pontos x 25 carreiras Lavar em programa l\u00e3 \u00e0 temperatura m\u00e1xima de 40\u00b0C\/Secar na horizontal Para uma camisola tamanho 38 +\/- 450g<\/p>\n","protected":false},"featured_media":16557,"comment_status":"closed","ping_status":"closed","template":"","meta":[],"product_brand":[],"product_cat":[490,491,464,463,470,468,643,471,586,658,647,466],"product_tag":[734,737,731],"class_list":{"0":"post-16343","1":"product","2":"type-product","3":"status-publish","4":"has-post-thumbnail","6":"product_cat-350-450mm","7":"product_cat-450-550mm","8":"product_cat-espessura-de-fio","9":"product_cat-fios","10":"product_cat-la","11":"product_cat-marcas","12":"product_cat-meias-tipos-de-fio","13":"product_cat-outono-inverno","14":"product_cat-pro-lana","15":"product_cat-punch-needle","16":"product_cat-superwash","17":"product_cat-tipos-de-fio","18":"product_tag-fios-de-trico","19":"product_tag-fios-para-meias","20":"product_tag-fios-pro-lana","22":"first","23":"instock","24":"shipping-taxable","25":"purchasable","26":"product-type-variable"},"_links":{"self":[{"href":"https:\/\/daraodedo.com\/index.php?rest_route=\/wp\/v2\/product\/16343","targetHints":{"allow":["GET"]}}],"collection":[{"href":"https:\/\/daraodedo.com\/index.php?rest_route=\/wp\/v2\/product"}],"about":[{"href":"https:\/\/daraodedo.com\/index.php?rest_route=\/wp\/v2\/types\/product"}],"replies":[{"embeddable":true,"href":"https:\/\/daraodedo.com\/index.php?rest_route=%2Fwp%2Fv2%2Fcomments&post=16343"}],"wp:featuredmedia":[{"embeddable":true,"href":"https:\/\/daraodedo.com\/index.php?rest_route=\/wp\/v2\/media\/16557"}],"wp:attachment":[{"href":"https:\/\/daraodedo.com\/index.php?rest_route=%2Fwp%2Fv2%2Fmedia&parent=16343"}],"wp:term":[{"taxonomy":"product_brand","embeddable":true,"href":"https:\/\/daraodedo.com\/index.php?rest_route=%2Fwp%2Fv2%2Fproduct_brand&post=16343"},{"taxonomy":"product_cat","embeddable":true,"href":"https:\/\/daraodedo.com\/index.php?rest_route=%2Fwp%2Fv2%2Fproduct_cat&post=16343"},{"taxonomy":"product_tag","embeddable":true,"href":"https:\/\/daraodedo.com\/index.php?rest_route=%2Fwp%2Fv2%2Fproduct_tag&post=16343"}],"curies":[{"name":"wp","href":"https:\/\/api.w.org\/{rel}","templated":true}]}}