{"id":16359,"date":"2025-01-05T16:47:56","date_gmt":"2025-01-05T16:47:56","guid":{"rendered":"https:\/\/new.daraodedo.com\/?post_type=product&#038;p=16359"},"modified":"2025-03-17T18:53:19","modified_gmt":"2025-03-17T18:53:19","slug":"limol-trama-rustica-500-em-novelos","status":"publish","type":"product","link":"https:\/\/daraodedo.com\/?product=limol-trama-rustica-500-em-novelos","title":{"rendered":"Limol Trama Rustica  500 em novelos"},"content":{"rendered":"<p>Fio 100% Algod\u00e3o, \u00f3timo para sacos, carteiras ou tapetes em algod\u00e3o.<\/p>\n<p>\u00c9 um fio id\u00eantico\u00a0 ao trama rustica 500\/4,\u00a0 mas\u00a0 mais grosso e menos torcido.<\/p>\n<p>Produto Fabricado em Portugal pela <strong>Limol<\/strong> empresa portuguesa com 45 anos de exist\u00eancia no mercado<\/p>\n","protected":false},"excerpt":{"rendered":"<p><strong>Composi\u00e7\u00e3o:<\/strong>100% Algod\u00e3o<\/p>\n<p><strong>Espessura:<\/strong> 76 m aprox.<\/p>\n<p><strong>Peso:<\/strong> 100 g<\/p>\n<p><strong>Agulhas recomendadas:<\/strong> 5\/5,5 mm Temperatura de lavagem: 40 a 60 \u00baC a baixas rota\u00e7\u00f5es<\/p>\n","protected":false},"featured_media":11013,"comment_status":"closed","ping_status":"closed","template":"","meta":[],"product_brand":[],"product_cat":[491,669,529,564,463,532,468,530],"product_tag":[533,474,476,534,477,535,536,755],"class_list":{"0":"post-16359","1":"product","2":"type-product","3":"status-publish","4":"has-post-thumbnail","6":"product_cat-450-550mm","7":"product_cat-550-650mm","8":"product_cat-algodao","9":"product_cat-carteiras","10":"product_cat-fios","11":"product_cat-limol","12":"product_cat-marcas","13":"product_cat-primavera-verao","14":"product_tag-algodao","15":"product_tag-fio","16":"product_tag-la","17":"product_tag-limol","18":"product_tag-novelos","19":"product_tag-rustica","20":"product_tag-trama","21":"product_tag-trama-rustica-500","23":"first","24":"instock","25":"shipping-taxable","26":"purchasable","27":"product-type-variable"},"_links":{"self":[{"href":"https:\/\/daraodedo.com\/index.php?rest_route=\/wp\/v2\/product\/16359","targetHints":{"allow":["GET"]}}],"collection":[{"href":"https:\/\/daraodedo.com\/index.php?rest_route=\/wp\/v2\/product"}],"about":[{"href":"https:\/\/daraodedo.com\/index.php?rest_route=\/wp\/v2\/types\/product"}],"replies":[{"embeddable":true,"href":"https:\/\/daraodedo.com\/index.php?rest_route=%2Fwp%2Fv2%2Fcomments&post=16359"}],"wp:featuredmedia":[{"embeddable":true,"href":"https:\/\/daraodedo.com\/index.php?rest_route=\/wp\/v2\/media\/11013"}],"wp:attachment":[{"href":"https:\/\/daraodedo.com\/index.php?rest_route=%2Fwp%2Fv2%2Fmedia&parent=16359"}],"wp:term":[{"taxonomy":"product_brand","embeddable":true,"href":"https:\/\/daraodedo.com\/index.php?rest_route=%2Fwp%2Fv2%2Fproduct_brand&post=16359"},{"taxonomy":"product_cat","embeddable":true,"href":"https:\/\/daraodedo.com\/index.php?rest_route=%2Fwp%2Fv2%2Fproduct_cat&post=16359"},{"taxonomy":"product_tag","embeddable":true,"href":"https:\/\/daraodedo.com\/index.php?rest_route=%2Fwp%2Fv2%2Fproduct_tag&post=16359"}],"curies":[{"name":"wp","href":"https:\/\/api.w.org\/{rel}","templated":true}]}}