{"id":16390,"date":"2025-01-05T16:48:45","date_gmt":"2025-01-05T16:48:45","guid":{"rendered":"https:\/\/new.daraodedo.com\/?post_type=product&#038;p=16390"},"modified":"2025-01-30T12:05:50","modified_gmt":"2025-01-30T12:05:50","slug":"alcas-para-carteiras","status":"publish","type":"product","link":"https:\/\/daraodedo.com\/?product=alcas-para-carteiras","title":{"rendered":"Al\u00e7as para carteiras"},"content":{"rendered":"<p>Al\u00e7as em v\u00e1rios materiais e formatos, \u00f3timas para carteiras em trico ou croch\u00e9. Acr\u00edlico, bambu, madeira e pele<\/p>\n","protected":false},"excerpt":{"rendered":"<p>Al\u00e7as para carteiras em v\u00e1rios materias ; Madeira, bambu, acr\u00edlico, pele<\/p>\n","protected":false},"featured_media":11012,"comment_status":"closed","ping_status":"closed","template":"","meta":[],"product_brand":[],"product_cat":[480,564,515],"product_tag":[763,764,765,766,767,768,769],"class_list":{"0":"post-16390","1":"product","2":"type-product","3":"status-publish","4":"has-post-thumbnail","6":"product_cat-acessorios","7":"product_cat-carteiras","8":"product_cat-outros","9":"product_tag-alcas-carteiras-de-bambu","10":"product_tag-alcas-de-carteiras","11":"product_tag-alcas-em-bambu","12":"product_tag-alcas-para-carteiras-em-acrilico","13":"product_tag-alcas-para-carteiras-em-madeira","14":"product_tag-alcas-para-carteiras-feitas-a-mao","15":"product_tag-bamboo","17":"first","18":"instock","19":"shipping-taxable","20":"purchasable","21":"product-type-variable"},"_links":{"self":[{"href":"https:\/\/daraodedo.com\/index.php?rest_route=\/wp\/v2\/product\/16390","targetHints":{"allow":["GET"]}}],"collection":[{"href":"https:\/\/daraodedo.com\/index.php?rest_route=\/wp\/v2\/product"}],"about":[{"href":"https:\/\/daraodedo.com\/index.php?rest_route=\/wp\/v2\/types\/product"}],"replies":[{"embeddable":true,"href":"https:\/\/daraodedo.com\/index.php?rest_route=%2Fwp%2Fv2%2Fcomments&post=16390"}],"wp:featuredmedia":[{"embeddable":true,"href":"https:\/\/daraodedo.com\/index.php?rest_route=\/wp\/v2\/media\/11012"}],"wp:attachment":[{"href":"https:\/\/daraodedo.com\/index.php?rest_route=%2Fwp%2Fv2%2Fmedia&parent=16390"}],"wp:term":[{"taxonomy":"product_brand","embeddable":true,"href":"https:\/\/daraodedo.com\/index.php?rest_route=%2Fwp%2Fv2%2Fproduct_brand&post=16390"},{"taxonomy":"product_cat","embeddable":true,"href":"https:\/\/daraodedo.com\/index.php?rest_route=%2Fwp%2Fv2%2Fproduct_cat&post=16390"},{"taxonomy":"product_tag","embeddable":true,"href":"https:\/\/daraodedo.com\/index.php?rest_route=%2Fwp%2Fv2%2Fproduct_tag&post=16390"}],"curies":[{"name":"wp","href":"https:\/\/api.w.org\/{rel}","templated":true}]}}