{"id":16450,"date":"2025-01-05T16:49:29","date_gmt":"2025-01-05T16:49:29","guid":{"rendered":"https:\/\/new.daraodedo.com\/?post_type=product&#038;p=16450"},"modified":"2025-01-29T17:51:06","modified_gmt":"2025-01-29T17:51:06","slug":"urth-yarns-harvest-worsted","status":"publish","type":"product","link":"https:\/\/daraodedo.com\/?product=urth-yarns-harvest-worsted","title":{"rendered":"URTH YARNS &#8211; HARVEST &#8211; worsted"},"content":{"rendered":"<div class=\"ULSxyf\">\n<div class=\"KIy09e obcontainer wDYxhc\" data-md=\"77\" data-hveid=\"CAIQAA\" data-ved=\"2ahUKEwjowKntvN7zAhXzDWMBHW9fDJ0QkCl6BAgCEAA\">\n<div id=\"tw-main\" data-hveid=\"CAIQAQ\">\n<div id=\"tw-container\" class=\"\" data-cp=\"1\" data-is-ver=\"false\" data-nnttsvi=\"1\" data-sm=\"1\" data-sugg-time=\"500\" data-sugg-url=\"https:\/\/clients1.google.com\/complete\/search\" data-uilc=\"pt-PT\">\n<div id=\"tw-ob\" class=\"tw-src-ltr\">\n<div class=\"oSioSc\">\n<div id=\"tw-target\">\n<div id=\"kAz1tf\" class=\"g9WsWb\">\n<div id=\"tw-target-text-container\" class=\"tw-ta-container F0azHf tw-nfl\">\n<h5 class=\"tw-data-text tw-text-large XcVN5d tw-ta\" dir=\"ltr\" data-placeholder=\"Tradu\u00e7\u00e3o\"><\/h5>\n<p>URTH\u00a0 \u00a0: FIOS SUSTENT\u00c1VEIS Urth planta \u00e1rvores A Urth Yarns \u00e9 uma empresa familiar de fios dedicada \u00e0 produ\u00e7\u00e3o de fios naturais tingidos \u00e0 m\u00e3o de excelente qualidade e sustent\u00e1veis. Desenvolvendo e empregando t\u00e9cnicas de tingimento inovadoras, buscam sempre um amor \u00e0 primeira vista ou ao toque. Os fios de Urth s\u00e3o tingidos e preparados por m\u00e3os habilidosas de mulheres em seus est\u00fadios em Mersin e Istambul. Para sustentar e retribuir, a Urth faz parceria com a <strong>Trees for the Future<\/strong> e com a venda de cada novelo\u00a0 planta uma \u00e1rvore.<\/p>\n<\/div>\n<h5 dir=\"ltr\" data-placeholder=\"Tradu\u00e7\u00e3o\"><strong>HARVEST<\/strong><\/h5>\n<h5 id=\"tw-target-text\" class=\"tw-data-text tw-text-large XcVN5d tw-ta\" dir=\"ltr\" data-placeholder=\"Tradu\u00e7\u00e3o\"><span class=\"Y2IQFc\" lang=\"pt\">Tingido \u00e0 m\u00e3o por artes\u00e3os turcos com os mais belos ingredientes que nossa M\u00e3e Terra nos fornece. Cada fio da cole\u00e7\u00e3o Harvest tem o nome de acordo com a origem de sua cor, as ra\u00edzes, frutas\u00a0 que usamos. Como tudo na natureza, o processo de tingimento pode acabar de forma que nos surpreendam da maneira mais linda! Cada fio apresenta uma cor \u00fanica e atraente, mas \u00e0s vezes pode haver pequenas mudan\u00e7as no tom, pois cada Colheita \u00e9 \u00fanica.<\/span><\/h5>\n<h5 class=\"tw-data-text tw-text-large XcVN5d tw-ta\" dir=\"ltr\" data-placeholder=\"Tradu\u00e7\u00e3o\"><span class=\"Y2IQFc\" lang=\"pt\">. 100% MERINO EXTRAFINO<\/span><\/h5>\n<div data-cviv=\"false\" data-ved=\"2ahUKEwjowKntvN7zAhXzDWMBHW9fDJ0Qz_AEegQIAhAP\">\n<div class=\"U9URNb\"><\/div>\n<\/div>\n<\/div>\n<\/div>\n<\/div>\n<\/div>\n<\/div>\n<div class=\"KFFQ0c xKf9F\">\n<h5 class=\"YfftMc\"><\/h5>\n<\/div>\n<\/div>\n<\/div>\n<\/div>\n","protected":false},"excerpt":{"rendered":"<p><strong>Composi\u00e7\u00e3o:<\/strong> 100% Extrafino l\u00e3 Merino<\/p>\n<p><strong>Peso\/Metragem:<\/strong> 100 g = cerca de 200 m<\/p>\n<p><strong>Agulhas recomendadas:<\/strong> 4 \/5 mm Lavar em programa l\u00e3 \u00e0 temperatura m\u00e1xima de 30\u00b0C\/ N\u00e3o usar amaciador \/Secar na horizontal<\/p>\n","protected":false},"featured_media":11058,"comment_status":"closed","ping_status":"closed","template":"","meta":[],"product_brand":[],"product_cat":[490,491,463,470,468,471,647,466,782],"product_tag":[474,783,784,676,622,663,785,681,476,528,786],"class_list":{"0":"post-16450","1":"product","2":"type-product","3":"status-publish","4":"has-post-thumbnail","6":"product_cat-350-450mm","7":"product_cat-450-550mm","8":"product_cat-fios","9":"product_cat-la","10":"product_cat-marcas","11":"product_cat-outono-inverno","12":"product_cat-superwash","13":"product_cat-tipos-de-fio","14":"product_cat-urth-yarns","15":"product_tag-fio","16":"product_tag-fio-100-merino","17":"product_tag-fio-merino","18":"product_tag-fios-de-tricot","19":"product_tag-fios-de-tricot-e-crochet","20":"product_tag-fios-de-tricotar","21":"product_tag-fios-naturais","22":"product_tag-fios-tricotar","23":"product_tag-la","24":"product_tag-tricot","25":"product_tag-urth-yarns","27":"first","28":"instock","29":"shipping-taxable","30":"purchasable","31":"product-type-variable"},"_links":{"self":[{"href":"https:\/\/daraodedo.com\/index.php?rest_route=\/wp\/v2\/product\/16450","targetHints":{"allow":["GET"]}}],"collection":[{"href":"https:\/\/daraodedo.com\/index.php?rest_route=\/wp\/v2\/product"}],"about":[{"href":"https:\/\/daraodedo.com\/index.php?rest_route=\/wp\/v2\/types\/product"}],"replies":[{"embeddable":true,"href":"https:\/\/daraodedo.com\/index.php?rest_route=%2Fwp%2Fv2%2Fcomments&post=16450"}],"wp:featuredmedia":[{"embeddable":true,"href":"https:\/\/daraodedo.com\/index.php?rest_route=\/wp\/v2\/media\/11058"}],"wp:attachment":[{"href":"https:\/\/daraodedo.com\/index.php?rest_route=%2Fwp%2Fv2%2Fmedia&parent=16450"}],"wp:term":[{"taxonomy":"product_brand","embeddable":true,"href":"https:\/\/daraodedo.com\/index.php?rest_route=%2Fwp%2Fv2%2Fproduct_brand&post=16450"},{"taxonomy":"product_cat","embeddable":true,"href":"https:\/\/daraodedo.com\/index.php?rest_route=%2Fwp%2Fv2%2Fproduct_cat&post=16450"},{"taxonomy":"product_tag","embeddable":true,"href":"https:\/\/daraodedo.com\/index.php?rest_route=%2Fwp%2Fv2%2Fproduct_tag&post=16450"}],"curies":[{"name":"wp","href":"https:\/\/api.w.org\/{rel}","templated":true}]}}