{"id":16459,"date":"2025-01-05T16:49:30","date_gmt":"2025-01-05T16:49:30","guid":{"rendered":"https:\/\/new.daraodedo.com\/?post_type=product&#038;p=16459"},"modified":"2025-01-30T12:05:36","modified_gmt":"2025-01-30T12:05:36","slug":"knit-pro-fundos-para-carteiras","status":"publish","type":"product","link":"https:\/\/daraodedo.com\/?product=knit-pro-fundos-para-carteiras","title":{"rendered":"Knit Pro- fundos para carteiras"},"content":{"rendered":"<p>Bases ou fundos em Madeira, j\u00e1 perfurada, com qualidade Knit Pro V\u00e1rias formas e medidas<\/p>\n","protected":false},"excerpt":{"rendered":"<p>Bases de madeira de v\u00e1rias formas j\u00e1 perfuradas para poder montar as malhas em trico ou em croch\u00e9 e fazer bel\u00edssimos sacos ou carteiras<\/p>\n","protected":false},"featured_media":11098,"comment_status":"closed","ping_status":"closed","template":"","meta":[],"product_brand":[],"product_cat":[564,547,484,515],"product_tag":[850,852,851],"class_list":{"0":"post-16459","1":"product","2":"type-product","3":"status-publish","4":"has-post-thumbnail","6":"product_cat-carteiras","7":"product_cat-knit-pro","8":"product_cat-marcas-acessorios","9":"product_cat-outros","10":"product_tag-bases-de-carteiras-knit-pro","11":"product_tag-bases-de-madeira-perfuradas","12":"product_tag-knit-pro-carteiras","14":"first","15":"instock","16":"shipping-taxable","17":"purchasable","18":"product-type-variable"},"_links":{"self":[{"href":"https:\/\/daraodedo.com\/index.php?rest_route=\/wp\/v2\/product\/16459","targetHints":{"allow":["GET"]}}],"collection":[{"href":"https:\/\/daraodedo.com\/index.php?rest_route=\/wp\/v2\/product"}],"about":[{"href":"https:\/\/daraodedo.com\/index.php?rest_route=\/wp\/v2\/types\/product"}],"replies":[{"embeddable":true,"href":"https:\/\/daraodedo.com\/index.php?rest_route=%2Fwp%2Fv2%2Fcomments&post=16459"}],"wp:featuredmedia":[{"embeddable":true,"href":"https:\/\/daraodedo.com\/index.php?rest_route=\/wp\/v2\/media\/11098"}],"wp:attachment":[{"href":"https:\/\/daraodedo.com\/index.php?rest_route=%2Fwp%2Fv2%2Fmedia&parent=16459"}],"wp:term":[{"taxonomy":"product_brand","embeddable":true,"href":"https:\/\/daraodedo.com\/index.php?rest_route=%2Fwp%2Fv2%2Fproduct_brand&post=16459"},{"taxonomy":"product_cat","embeddable":true,"href":"https:\/\/daraodedo.com\/index.php?rest_route=%2Fwp%2Fv2%2Fproduct_cat&post=16459"},{"taxonomy":"product_tag","embeddable":true,"href":"https:\/\/daraodedo.com\/index.php?rest_route=%2Fwp%2Fv2%2Fproduct_tag&post=16459"}],"curies":[{"name":"wp","href":"https:\/\/api.w.org\/{rel}","templated":true}]}}