{"id":17364,"date":"2025-02-12T09:17:30","date_gmt":"2025-02-12T09:17:30","guid":{"rendered":"https:\/\/daraodedo.com\/?post_type=product&#038;p=17364"},"modified":"2026-01-19T15:52:53","modified_gmt":"2026-01-19T15:52:53","slug":"adriafil-allegria","status":"publish","type":"product","link":"https:\/\/daraodedo.com\/?product=adriafil-allegria","title":{"rendered":"Adriafil Allegria"},"content":{"rendered":"<p>Fio de fita de algod\u00e3o puro org\u00e2nico ideal para tricotar camisolas, acess\u00f3rios e bolsas.<\/p>\n<p>Por ser um fio tipo fita tricota-se com uma agulha grossa, \u00f3timo para quem quer aprender a fazer a sua b\u00e1sica fresca.<\/p>\n<p>&nbsp;<\/p>\n<p>&nbsp;<\/p>\n","protected":false},"excerpt":{"rendered":"<p><strong>Composi\u00e7\u00e3o:<\/strong> 100% algod\u00e3o bio<\/p>\n<p><strong>Peso\/Metragem:<\/strong> 50 g\/ 110 m<\/p>\n<p><strong>Agulhas recomendadas:<\/strong> 6 mm<\/p>\n<p><strong>Amostra:<\/strong> 10 x 10 cm = 19 malhas x 26 voltas<\/p>\n<p>Lavar a 30 \u00ba e n\u00e3o torcer, secar na horizontal<\/p>\n<div id=\"kf0vZcTPJp2Li-gP6tC3sAc__16\">\n<div class=\"wDYxhc\" data-md=\"61\">\n<div class=\"LGOjhe\" role=\"heading\" data-attrid=\"wa:\/description\" aria-level=\"3\" data-hveid=\"CCEQAA\"><\/div>\n<\/div>\n<\/div>\n","protected":false},"featured_media":17365,"comment_status":"open","ping_status":"closed","template":"","meta":[],"product_brand":[],"product_cat":[669,884,529,464,463,468,530,466],"product_tag":[889,894,876,888],"class_list":{"0":"post-17364","1":"product","2":"type-product","3":"status-publish","4":"has-post-thumbnail","6":"product_cat-550-650mm","7":"product_cat-adriafil","8":"product_cat-algodao","9":"product_cat-espessura-de-fio","10":"product_cat-fios","11":"product_cat-marcas","12":"product_cat-primavera-verao","13":"product_cat-tipos-de-fio","14":"product_tag-fio-100-algodao-bio","15":"product_tag-fio-para-crochet","16":"product_tag-fio-para-trico","17":"product_tag-fio-trico-100-algodao","19":"first","20":"instock","21":"shipping-taxable","22":"purchasable","23":"product-type-variable"},"_links":{"self":[{"href":"https:\/\/daraodedo.com\/index.php?rest_route=\/wp\/v2\/product\/17364","targetHints":{"allow":["GET"]}}],"collection":[{"href":"https:\/\/daraodedo.com\/index.php?rest_route=\/wp\/v2\/product"}],"about":[{"href":"https:\/\/daraodedo.com\/index.php?rest_route=\/wp\/v2\/types\/product"}],"replies":[{"embeddable":true,"href":"https:\/\/daraodedo.com\/index.php?rest_route=%2Fwp%2Fv2%2Fcomments&post=17364"}],"wp:featuredmedia":[{"embeddable":true,"href":"https:\/\/daraodedo.com\/index.php?rest_route=\/wp\/v2\/media\/17365"}],"wp:attachment":[{"href":"https:\/\/daraodedo.com\/index.php?rest_route=%2Fwp%2Fv2%2Fmedia&parent=17364"}],"wp:term":[{"taxonomy":"product_brand","embeddable":true,"href":"https:\/\/daraodedo.com\/index.php?rest_route=%2Fwp%2Fv2%2Fproduct_brand&post=17364"},{"taxonomy":"product_cat","embeddable":true,"href":"https:\/\/daraodedo.com\/index.php?rest_route=%2Fwp%2Fv2%2Fproduct_cat&post=17364"},{"taxonomy":"product_tag","embeddable":true,"href":"https:\/\/daraodedo.com\/index.php?rest_route=%2Fwp%2Fv2%2Fproduct_tag&post=17364"}],"curies":[{"name":"wp","href":"https:\/\/api.w.org\/{rel}","templated":true}]}}