{"id":17559,"date":"2025-11-06T16:01:38","date_gmt":"2025-11-06T16:01:38","guid":{"rendered":"https:\/\/daraodedo.com\/?post_type=product&#038;p=17559"},"modified":"2026-01-23T11:51:47","modified_gmt":"2026-01-23T11:51:47","slug":"adriafil-kid-mohair","status":"publish","type":"product","link":"https:\/\/daraodedo.com\/?product=adriafil-kid-mohair","title":{"rendered":"ADRIAFIL Kid Mohair"},"content":{"rendered":"<p>Fio em super Kid Mohair \u00f3ptimo para trico e croch\u00e9. Faz trabalhos lindos e delicados e\u00a0 quentinhos. Se aplicar outro fio junto ficam camisolas super quentinhas.<\/p>\n","protected":false},"excerpt":{"rendered":"<p><strong>Composi\u00e7\u00e3o:<\/strong> 80% Kid Mohair 20% fibra<\/p>\n<p><strong>Peso\/Metragem:<\/strong> 25 g\/ 230 m<\/p>\n<p><strong>Agulhas recomendadas:<\/strong> 1 fio \/3mm &#8211; 2 fios \/ 4 a 5mm<\/p>\n<p><strong>Amostra:<\/strong> 10 x 10 cm = 25 malhas x 35 voltas na agulha 3mm<\/p>\n<p>Lavar \u00e1 m\u00e3o e n\u00e3o torcer, secar na horizontal<\/p>\n","protected":false},"featured_media":17562,"comment_status":"open","ping_status":"closed","template":"","meta":[],"product_brand":[],"product_cat":[559,490,491,884,464,478,463,468,698,471,466,15],"product_tag":[],"class_list":{"0":"post-17559","1":"product","2":"type-product","3":"status-publish","4":"has-post-thumbnail","6":"product_cat-225-350mm","7":"product_cat-350-450mm","8":"product_cat-450-550mm","9":"product_cat-adriafil","10":"product_cat-espessura-de-fio","11":"product_cat-fibra","12":"product_cat-fios","13":"product_cat-marcas","14":"product_cat-mohair","15":"product_cat-outono-inverno","16":"product_cat-tipos-de-fio","17":"product_cat-uncategorized","19":"first","20":"instock","21":"shipping-taxable","22":"purchasable","23":"product-type-variable"},"_links":{"self":[{"href":"https:\/\/daraodedo.com\/index.php?rest_route=\/wp\/v2\/product\/17559","targetHints":{"allow":["GET"]}}],"collection":[{"href":"https:\/\/daraodedo.com\/index.php?rest_route=\/wp\/v2\/product"}],"about":[{"href":"https:\/\/daraodedo.com\/index.php?rest_route=\/wp\/v2\/types\/product"}],"replies":[{"embeddable":true,"href":"https:\/\/daraodedo.com\/index.php?rest_route=%2Fwp%2Fv2%2Fcomments&post=17559"}],"wp:featuredmedia":[{"embeddable":true,"href":"https:\/\/daraodedo.com\/index.php?rest_route=\/wp\/v2\/media\/17562"}],"wp:attachment":[{"href":"https:\/\/daraodedo.com\/index.php?rest_route=%2Fwp%2Fv2%2Fmedia&parent=17559"}],"wp:term":[{"taxonomy":"product_brand","embeddable":true,"href":"https:\/\/daraodedo.com\/index.php?rest_route=%2Fwp%2Fv2%2Fproduct_brand&post=17559"},{"taxonomy":"product_cat","embeddable":true,"href":"https:\/\/daraodedo.com\/index.php?rest_route=%2Fwp%2Fv2%2Fproduct_cat&post=17559"},{"taxonomy":"product_tag","embeddable":true,"href":"https:\/\/daraodedo.com\/index.php?rest_route=%2Fwp%2Fv2%2Fproduct_tag&post=17559"}],"curies":[{"name":"wp","href":"https:\/\/api.w.org\/{rel}","templated":true}]}}